 is i(-9)?
13
Let j(a) = -a**3 - 17*a - 3. Determine j(-8).
645
Let w(o) = 9*o**3 - 13*o**2 - 20*o - 6. Give w(-1).
-8
Let h(y) = -3*y**2 + 9*y + 26. Give h(-10).
-364
Let t(l) = -l**3 + 4*l**2 - 48*l + 175. Calculate t(4).
-17
Let j(h) = h**3 - 19*h**2 + 29*h - 3. Determine j(16).
-307
Let u(t) = t**3 - 15*t**2 - 39*t + 130. Calculate u(17).
45
Let l(i) = 46*i + 550. What is l(-8)?
182
Let b(v) = -73*v + 8254. Give b(113).
5
Let r(n) = -55*n**2 + 383*n + 37. Determine r(7).
23
Let w(x) = 59*x**3 - 6*x**2 - 2*x + 3. What is w(-1)?
-60
Let o(l) = -536*l - 2141. Give o(-4).
3
Let t(w) = 3*w**2 - 98*w - 13. Give t(0).
-13
Let u(z) = -z**3 + 12*z**2 - 202*z + 2791. What is u(13)?
-4
Let o(d) = -7*d**3 - 37*d**2 - 3*d - 31. Give o(-6).
167
Let d(u) = -5*u**2 + 454*u - 5321. What is d(77)?
-8
Let q(o) = -627*o + 93426. Give q(149).
3
Let j(k) = -270*k + 1614. Give j(6).
-6
Let h(i) = i**3 + 63*i**2 + 889*i + 156. Give h(-21).
9
Let y(l) = -128*l - 1378. Calculate y(-10).
-98
Let z(g) = 3699*g - 51802. What is z(14)?
-16
Let k(q) = 12*q - 1243. What is k(104)?
5
Let u(v) = v**3 + 29*v**2 + 51*v - 68. What is u(-27)?
13
Let u(d) = d**3 - 89*d**2 + d - 94. Give u(89).
-5
Let o(u) = -421*u - 51777. What is o(-123)?
6
Let b(a) = 2*a**2 - 37*a + 132. What is b(9)?
-39
Let p(y) = -36*y + 301. What is p(8)?
13
Let o(s) = -s**2 + 169*s + 1436. What is o(-8)?
20
Let v(w) = -15*w**2 - 419*w - 56. Give v(-28).
-84
Let u(h) = 9*h**2 - 9*h - 6. Give u(5).
174
Let y(k) = k**3 - 24*k**2 + 27*k - 39. Determine y(23).
53
Let i(v) = 128*v - 49. Determine i(1).
79
Let o(m) = 555*m**3 - 6*m**2 - 5*m + 5. Calculate o(1).
549
Let n(y) = -y**2 - 340*y + 3848. Calculate n(11).
-13
Let g(u) = -224*u + 43439. Give g(194).
-17
Let w(l) = -3316*l - 6656. Give w(-2).
-24
Let v(i) = -403*i + 6853. Give v(17).
2
Let m(p) = 10*p + 2. Give m(-1).
-8
Let d(f) = -32*f - 171. Give d(-5).
-11
Let m(g) = 3*g**3 - 129*g**2 + 1056*g - 8. Determine m(11).
-8
Let z(s) = -s**3 - 19*s**2 - 16*s - 42. What is z(-18)?
-78
Let v(c) = c**3 - 6*c**2 - 4*c + 88. Determine v(9).
295
Let x(k) = -46*k - 1232. Determine x(-20).
-312
Let y(r) = r**3 + 14*r**2 - 65*r - 51. Give y(-18).
-177
Let b(c) = 2*c**2 + 11*c + 40. What is b(-18)?
490
Let y(c) = -c**2 - 96*c - 1602. What is y(-74)?
26
Let r(s) = 219*s + 3281. Give r(-15).
-4
Let b(t) = -17*t**3 - 22*t**2 + 19*t + 3. Give b(1).
-17
Let s(m) = -6*m**2 - 171*m + 339. Determine s(2).
-27
Let r(z) = 2*z**3 - 61*z**2 + 141*z - 35. Give r(28).
-7
Let j(f) = f**3 + 4*f**2 + 2*f + 56. Calculate j(-5).
21
Let s(f) = -5*f**2 + 102*f + 35. Determine s(23).
-264
Let y(k) = -2*k**3 - 21*k**2 - 2*k + 14. Calculate y(-11).
157
Let a(y) = 3*y**2 - 213*y + 2889. Give a(53).
27
Let d(f) = f**3 + 61*f**2 + 56*f - 231. What is d(-60)?
9
Let p(q) = q**3 + 2*q**2 - 398*q - 8. Calculate p(19).
11
Let l(s) = 2*s**3 - 22*s**2 + 4*s - 48. Give l(11).
-4
Let m(n) = -14375*n - 11. What is m(0)?
-11
Let z(m) = -898*m**2 - 14*m. Give z(-1).
-884
Let u(z) = -37*z - 611. What is u(-15)?
-56
Let d(o) = 18*o - 100. Determine d(0).
-100
Let u(r) = -r**3 - 72*r**2 + r + 104. Calculate u(-72).
32
Let b(l) = -l**2 - 8*l + 1492. Calculate b(35).
-13
Let q(d) = -d**3 - 23*d**2 + 49*d - 47. What is q(-25)?
-22
Let g(o) = 23*o - 402. What is g(19)?
35
Let s(f) = -144*f - 435. Calculate s(-3).
-3
Let y(o) = 10*o + 41. Give y(-2).
21
Let q(l) = l**2 - 129*l + 496. Give q(4).
-4
Let l(u) = -2*u**2 + 105*u - 1239. Calculate l(18).
3
Let d(m) = -m**2 + 24*m - 38. Calculate d(29).
-183
Let v(u) = 1377*u + 75735. Determine v(-55).
0
Let o(g) = 62*g**3 - g**2 - 39*g + 40. Determine o(1).
62
Let y(r) = 26*r**2 - 10*r - 28. What is y(-4)?
428
Let m(d) = d**3 + 13*d**2 - 46*d - 140. What is m(-15)?
100
Let o(n) = n**3 - 6*n**2 + 6*n - 45. What is o(0)?
-45
Let x(n) = -n**3 - 16*n**2 + 6*n + 25. Calculate x(-16).
-71
Let s(z) = z**3 - z**2 + 64*z + 67. Calculate s(-1).
1
Let m(r) = 44*r - 3110. Give m(65).
-250
Let m(f) = 17*f + 385. What is m(-11)?
198
Let s(x) = 6*x - 75. Calculate s(16).
21
Let w(b) = -b**2 - 5*b + 991. Determine w(0).
991
Let x(i) = 1565*i - 3125. Determine x(2).
5
Let i(m) = 7*m**2 - 2*m + 10. Give i(0).
10
Let m(y) = -234*y**2 - 73*y + 74. What is m(1)?
-233
Let n(j) = -2*j**2 + 24*j + 8. What is n(13)?
-18
Let y(n) = n**2 - 29*n + 169. Give y(8).
1
Let n(j) = j**3 + 14*j**2 - 11*j - 139. Calculate n(-16).
-475
Let q(d) = -2*d**3 + 19*d**2 + 4*d + 294. Give q(11).
-25
Let r(f) = f**2 + 163*f + 5796. Give r(-111).
24
Let l(g) = 448*g - 2591. Determine l(6).
97
Let m(p) = 19*p + 16. Give m(-15).
-269
Let c(t) = -t**3 + 19*t**2 - t + 31. Give c(19).
12
Let o(l) = 6*l**2 + 41*l + 60. Calculate o(-5).
5
Let l(h) = -h**3 - 4*h**2 - 20. Determine l(-5).
5
Let w(b) = -15*b**3 - 2*b**2 + 3*b + 1. Determine w(2).
-121
Let x(c) = 3*c**2 - 18*c - 8. Give x(7).
13
Let r(v) = -v**2 + 12*v + 292. What is r(-12)?
4
Let t(a) = -2*a**2 + 179*a - 3124. Calculate t(24).
20
Let c(q) = 9*q**2 - 43*q + 9. Determine c(4).
-19
Let q(c) = 4*c**3 + 159*c**2 - 39*c - 39. Calculate q(-40).
-79
Let d(s) = -1157*s - 8072. Determine d(-7).
27
Let s(x) = -4*x**2 - 5*x + 11. Determine s(-7).
-150
Let f(t) = 50*t**3 - 3*t**2 - 9*t - 7. Calculate f(-1).
-51
Let h(m) = m**3 + 45*m**2 + 46*m + 114. What is h(-44)?
26
Let r(j) = -4454*j - 26714. Determine r(-6).
10
Let h(q) = q**3 + 822*q**2 + 2448*q - 29. What is h(-3)?
-2
Let d(a) = -59*a + 11. Calculate d(-2).
129
Let l(s) = -2*s**3 - 186*s**2 - 181*s + 325. Determine l(-92).
49
Let c(k) = k**2 - 54. Calculate c(0).
-54
Let q(z) = -z**2 + 40*z - 110. Determine q(35).
65
Let g(h) = -h**2 - 1076*h - 288427. Give g(-506).
-7
Let a(n) = n**3 - 26*n**2 - 60*n + 72. Give a(28).
-40
Let z(m) = m**3 + 11*m**2 - 38*m - 7. What is z(-14)?
-63
Let l(s) = 2*s**2 - 32*s + 97. Give l(11).
-13
Let o(d) = -4428*d - 22142. Give o(-5).
-2
Let p(k) = -2*k**2 - 53*k - 238. Calculate p(-24).
-118
Let i(b) = b**2 + 48*b + 236. What is i(-42)?
-16
Let u(i) = 56*i - 2445. Determine u(44).
19
Let q(y) = -2*y**3 - 10*y. Give q(-4).
168
Let x(q) = -2*q**2 - 160*q + 5780. Determine x(-107).
2
Let b(c) = -9*c**3 + 45*c**2 - 9*c + 21. What is b(5)?
-24
Let b(q) = 63*q + 8260. Determine b(-131).
7
Let r(j) = -j**3 + 17*j**2 + 11*j - 106. Give r(17).
81
Let z(k) = 3*k**2 - 15*k + 12. Calculate z(2).
-6
Let i(d) = -d**2 - 501*d + 5102. What is i(10)?
-8
Let z(j) = 93*j - 345. Determine z(5).
120
Let k(g) = -566*g - 74. Calculate k(0).
-74
Let h(l) = -25*l + 151. Give h(2).
101
Let c(x) = -4996*x + 29985. Calculate c(6).
9
Let m(d) = -5*d**2 + 161*d - 26. Calculate m(34).
-332
Let p(b) = b**3 + 36*b**2 - 355*b - 41. Determine p(-44).
91
Let x(u) = 3*u**2 + 57*u + 374. Give x(-8).
110
Let q(x) = 17*x + 88. What is q(-7)?
-31
Let z(r) = -r**3 + 6*r**2 + r - 24. Calculate z(10).
-414
Let c(j) = j**2 + j - 474. Give c(19).
-94
Let q(v) = -v**2 + 13*v - 42. Calculate q(15).
-72
Let a(q) = -2*q**3 - 10*q**2 - 130*q - 656. What is a(-5)?
-6
Let y(v) = 34*v**3 + 2*v**2 - v - 2. Calculate y(1).
33
Let j(m) = -364*m + 6197. Determine j(17).
9
Let t(s) = 56*s**2 + 331*s - 39. Give t(-6).
-9
Let u(k) = 15*k - 115. Give u(15).
110
Let c(p) = -p**3 + 829*p - 7. Calculate c(0).
-7
Let g(x) = -x**3 + 4*x**2 + 406*x - 1622. Give g(4).
2
Let u(t) = 15*t + 877. Calculate u(-50).
127
Let o(f) = -f**2 + 4*f + 83. Give o(-8).
-13
Let i(z) = -z**3 + 219*z**2 - 666*z + 3890. Give i(216).
2
Let a(u) = -791*u - 738. Determine a(-1).
53
Let i(h) = -h**2 - 75*h + 492. Calculate i(6).
6
Let g(b) = -b**2 + 38*b + 17. Determine g(27).
314
Let y(d) = -29*d**2 + 1083*d + 27. Give y(37).
397
Let p(l) = -l**2 - 15*l + 344. Calculate p(12).
20
Let v(n) = -4*n - 54. What is v(-13)?
-2
Let c(k) = k**3 - 7*k**2 - 52*k + 286. What is c(9)?
-20
Let c(z) = -31*z + 590. Calculate c(18).
32
Let l(o) = 41*o - 405. Give l(14).
169
Let s(z) = z**3 + 127*z**2 + 730*z + 434. Give s(-121).
-50
Let o(s) = s**3 - 12*s**2 + 18. Calculate o(9).
-225
Let d(v) = 3*v**2 + 82*v + 401. Give d(-24).
161
Let t(j) = -j**2 - 27*j - 162. Calculate t(-6).
-36
Let t(w) = 3*w**2 - 155*w + 171. What is t(52)?
223
Let m(t) = -5*t**2 - 112*t + 619. Determine m(-27).
-2
Let z(s) = s**2 - 20*s + 120. Calculate z(11).
21
Let i(u) = 21*u**3 + 800*u**2 + 76*u + 24. Wh